{"id":1068,"date":"2016-09-27T09:51:22","date_gmt":"2016-09-27T09:51:22","guid":{"rendered":"http:\/\/fitness2.mythemecloud.io\/?page_id=406"},"modified":"2025-01-21T09:32:00","modified_gmt":"2025-01-21T09:32:00","slug":"quienes-somos","status":"publish","type":"page","link":"https:\/\/ancladospsicologia.com\/?page_id=1068","title":{"rendered":"Qui\u00e9nes somos"},"content":{"rendered":"\t\t<div data-elementor-type=\"wp-post\" data-elementor-id=\"1068\" class=\"elementor elementor-1068\" data-elementor-post-type=\"page\">\n\t\t\t\t<div class=\"elementor-element elementor-element-7b97c80 e-flex e-con-boxed e-con e-parent\" data-id=\"7b97c80\" data-element_type=\"container\">\n\t\t\t\t\t<div class=\"e-con-inner\">\n\t\t\t\t<div class=\"elementor-element elementor-element-7394a01 elementor-widget elementor-widget-heading\" data-id=\"7394a01\" data-element_type=\"widget\" data-widget_type=\"heading.default\">\n\t\t\t\t\t<h1 class=\"elementor-heading-title elementor-size-default\">El gabinete Anclados Psicolog\u00eda<\/h1>\t\t\t\t<\/div>\n\t\t\t\t\t<\/div>\n\t\t\t\t<\/div>\n\t\t<div class=\"elementor-element elementor-element-9c7edf4 e-con-full e-flex e-con e-parent\" data-id=\"9c7edf4\" data-element_type=\"container\" data-settings=\"{&quot;background_background&quot;:&quot;classic&quot;}\">\n\t\t<div class=\"elementor-element elementor-element-dfcbb80 e-con-full e-flex e-con e-child\" data-id=\"dfcbb80\" data-element_type=\"container\">\n\t\t\t\t<div class=\"elementor-element elementor-element-1c80e8b elementor-widget elementor-widget-heading\" data-id=\"1c80e8b\" data-element_type=\"widget\" data-widget_type=\"heading.default\">\n\t\t\t\t\t<h2 class=\"elementor-heading-title elementor-size-default\">Nuestro objetivo: ayudarte a descubrir tu m\u00e1ximo potencial\n<\/h2>\t\t\t\t<\/div>\n\t\t\t\t<div class=\"elementor-element elementor-element-77c8096 elementor-widget elementor-widget-text-editor\" data-id=\"77c8096\" data-element_type=\"widget\" data-widget_type=\"text-editor.default\">\n\t\t\t\t\t\t\t\t\t<p><span style=\"font-weight: 400;\">El bienestar integral y el alivio del sufrimiento son el pilar de una vida plena y saludable, as\u00ed lo creemos en Anclados Psicolog\u00eda. Nuestra misi\u00f3n es acompa\u00f1arte en tu viaje hacia el crecimiento personal y el equilibrio emocional, te ofrecemos un espacio seguro donde puedes expresar tus emociones, superar dificultades y descubrir tu m\u00e1ximo potencial. <\/span><\/p>\t\t\t\t\t\t\t\t<\/div>\n\t\t\t\t<\/div>\n\t\t\t\t<\/div>\n\t\t\t\t<section class=\"elementor-section elementor-top-section elementor-element elementor-element-07e012f elementor-section-content-middle elementor-section-boxed elementor-section-height-default elementor-section-height-default\" data-id=\"07e012f\" data-element_type=\"section\">\n\t\t\t\t\t\t<div class=\"elementor-container elementor-column-gap-default\">\n\t\t\t\t\t<div class=\"elementor-column elementor-col-50 elementor-top-column elementor-element elementor-element-f565732\" data-id=\"f565732\" data-element_type=\"column\">\n\t\t\t<div class=\"elementor-widget-wrap elementor-element-populated\">\n\t\t\t\t\t\t<div class=\"elementor-element elementor-element-a91752c elementor-widget elementor-widget-heading\" data-id=\"a91752c\" data-element_type=\"widget\" data-widget_type=\"heading.default\">\n\t\t\t\t\t<span class=\"elementor-heading-title elementor-size-default\">Hola, soy Teresa, directora de Anclados Psicolog\u00eda\n<\/span>\t\t\t\t<\/div>\n\t\t\t\t<div class=\"elementor-element elementor-element-x4fpxui elementor-widget elementor-widget-text-editor\" data-id=\"x4fpxui\" data-element_type=\"widget\" data-widget_type=\"text-editor.default\">\n\t\t\t\t\t\t\t\t\t<p><span style=\"font-weight: 400;\">Si deseas sacar todo tu potencial y encontrar tu equilibrio emocional, me encantar\u00e1 ayudarte a conseguirlo.\u00a0<\/span><\/p><p><span style=\"font-weight: 400;\">Soy psic\u00f3loga sanitaria y la psicolog\u00eda, para m\u00ed, es m\u00e1s que una profesi\u00f3n, es uno de los grandes pilares que da sentido a mi vida. Tras la universidad, mis ganas de aprender me hicieron seguir form\u00e1ndome con diversos m\u00e1steres y trabajando en distintos lugares para enriquecer mi experiencia.\u00a0<\/span><\/p><p><span style=\"font-weight: 400;\">Entre mis especialidades, se encuentra la terapia en ni\u00f1os y adolescentes. Durante a\u00f1os, he trabajado en diversos gabinetes, colegios y a domicilio, evaluando e interviniendo en familias con ni\u00f1os de todas las edades.\u00a0<\/span><\/p><p><span style=\"font-weight: 400;\">Decid\u00ed emprender con mi propio gabinete en Sevilla, un proyecto elaborado con mucho mimo y una ilusi\u00f3n b\u00e1rbara. Desde entonces, nos hemos convertido en un centro de referencia, gracias al cari\u00f1o y la confianza de nuestros pacientes.\u00a0<\/span><\/p><p class=\"p1\"><br \/><br \/><\/p>\t\t\t\t\t\t\t\t<\/div>\n\t\t\t\t<div class=\"elementor-element elementor-element-e9d5c6a elementor-align-left elementor-widget elementor-widget-button\" data-id=\"e9d5c6a\" data-element_type=\"widget\" data-widget_type=\"button.default\">\n\t\t\t\t\t\t\t\t\t\t<a class=\"elementor-button elementor-button-link elementor-size-md\" href=\"https:\/\/www.linkedin.com\/in\/teresa-moya-xim%C3%A9nez-9a1b82a9\" target=\"_blank\" rel=\"noopener\">\n\t\t\t\t\t\t<span class=\"elementor-button-content-wrapper\">\n\t\t\t\t\t\t<span class=\"elementor-button-icon\">\n\t\t\t\t<i aria-hidden=\"true\" class=\"fab fa-linkedin\"><\/i>\t\t\t<\/span>\n\t\t\t\t\t\t\t\t\t<span class=\"elementor-button-text\">Perfil de Linkedin<\/span>\n\t\t\t\t\t<\/span>\n\t\t\t\t\t<\/a>\n\t\t\t\t\t\t\t\t<\/div>\n\t\t\t\t\t<\/div>\n\t\t<\/div>\n\t\t\t\t<div class=\"elementor-column elementor-col-50 elementor-top-column elementor-element elementor-element-f1aca0c\" data-id=\"f1aca0c\" data-element_type=\"column\">\n\t\t\t<div class=\"elementor-widget-wrap elementor-element-populated\">\n\t\t\t\t\t\t<div class=\"elementor-element elementor-element-906da6c elementor-widget elementor-widget-image\" data-id=\"906da6c\" data-element_type=\"widget\" data-widget_type=\"image.default\">\n\t\t\t\t\t\t\t\t\t\t\t\t\t\t\t<img fetchpriority=\"high\" decoding=\"async\" width=\"768\" height=\"1024\" src=\"https:\/\/ancladospsicologia.com\/wp-content\/uploads\/2023\/11\/teresa-moya-768x1024.jpg\" class=\"attachment-large size-large wp-image-1875\" alt=\"Teresa Moya, psic\u00f3loga\" srcset=\"https:\/\/ancladospsicologia.com\/wp-content\/uploads\/2023\/11\/teresa-moya-768x1024.jpg 768w, https:\/\/ancladospsicologia.com\/wp-content\/uploads\/2023\/11\/teresa-moya-225x300.jpg 225w, https:\/\/ancladospsicologia.com\/wp-content\/uploads\/2023\/11\/teresa-moya.jpg 900w\" sizes=\"(max-width: 768px) 100vw, 768px\" \/>\t\t\t\t\t\t\t\t\t\t\t\t\t\t\t<\/div>\n\t\t\t\t<div class=\"elementor-element elementor-element-a861a13 elementor-widget elementor-widget-heading\" data-id=\"a861a13\" data-element_type=\"widget\" data-widget_type=\"heading.default\">\n\t\t\t\t\t<h2 class=\"elementor-heading-title elementor-size-default\">Teresa Moya Xim\u00e9nez N.\u00ba Colegiada AN-11057<\/h2>\t\t\t\t<\/div>\n\t\t\t\t\t<\/div>\n\t\t<\/div>\n\t\t\t\t\t<\/div>\n\t\t<\/section>\n\t\t<div class=\"elementor-element elementor-element-b91f4f1 e-flex e-con-boxed e-con e-parent\" data-id=\"b91f4f1\" data-element_type=\"container\">\n\t\t\t\t\t<div class=\"e-con-inner\">\n\t\t\t\t<div class=\"elementor-element elementor-element-dcabcde elementor-widget elementor-widget-heading\" data-id=\"dcabcde\" data-element_type=\"widget\" data-widget_type=\"heading.default\">\n\t\t\t\t\t<h2 class=\"elementor-heading-title elementor-size-default\">Conoce nuestro equipo<\/h2>\t\t\t\t<\/div>\n\t\t\t\t<div class=\"elementor-element elementor-element-7f48a30 elementor-widget elementor-widget-text-editor\" data-id=\"7f48a30\" data-element_type=\"widget\" data-widget_type=\"text-editor.default\">\n\t\t\t\t\t\t\t\t\t<p><span style=\"font-weight: 400;\">Nuestro objetivo fundamental es claro: acompa\u00f1arte y guiarte para mejorar tu bienestar emocional.<\/span><\/p><p><span style=\"font-weight: 400;\">Para lograrlo, ponemos a tu disposici\u00f3n un equipo multidisciplinar de psic\u00f3logos altamente cualificados, con diferentes especialidades y una vocaci\u00f3n com\u00fan: la psicolog\u00eda centrada en el ser humano.<\/span><\/p><p><span style=\"font-weight: 400;\">Encontrar un terapeuta con el que conectes es importante. Por eso, puedes disfrutar de una valoraci\u00f3n previa de 20 minutos gratuita para que podamos elegir el mejor terapeuta para ti.\u00a0<\/span><\/p>\t\t\t\t\t\t\t\t<\/div>\n\t\t\t\t<div class=\"elementor-element elementor-element-6ea92a4 elementor-align-center elementor-widget elementor-widget-button\" data-id=\"6ea92a4\" data-element_type=\"widget\" data-widget_type=\"button.default\">\n\t\t\t\t\t\t\t\t\t\t<a class=\"elementor-button elementor-button-link elementor-size-sm\" href=\"https:\/\/ancladospsicologia.com\/precios-y-contacto\/\">\n\t\t\t\t\t\t<span class=\"elementor-button-content-wrapper\">\n\t\t\t\t\t\t\t\t\t<span class=\"elementor-button-text\"> Encuentra tu terapeuta<\/span>\n\t\t\t\t\t<\/span>\n\t\t\t\t\t<\/a>\n\t\t\t\t\t\t\t\t<\/div>\n\t\t\t\t\t<\/div>\n\t\t\t\t<\/div>\n\t\t\t\t<\/div>\n\t\t","protected":false},"excerpt":{"rendered":"<p>El gabinete Anclados Psicolog\u00eda Nuestro objetivo: ayudarte a descubrir tu m\u00e1ximo potencial El bienestar integral y el alivio del sufrimiento son el pilar de una vida plena y saludable, as\u00ed lo creemos en Anclados Psicolog\u00eda. Nuestra misi\u00f3n es acompa\u00f1arte en tu viaje hacia el crecimiento personal y el equilibrio emocional, te ofrecemos un espacio seguro [&hellip;]<\/p>\n","protected":false},"author":1,"featured_media":0,"parent":0,"menu_order":0,"comment_status":"closed","ping_status":"closed","template":"","meta":{"inline_featured_image":false,"ocean_post_layout":"full-width","ocean_both_sidebars_style":"","ocean_both_sidebars_content_width":0,"ocean_both_sidebars_sidebars_width":0,"ocean_sidebar":"","ocean_second_sidebar":"","ocean_disable_margins":"enable","ocean_add_body_class":"","ocean_shortcode_before_top_bar":"","ocean_shortcode_after_top_bar":"","ocean_shortcode_before_header":"","ocean_shortcode_after_header":"","ocean_has_shortcode":"","ocean_shortcode_after_title":"","ocean_shortcode_before_footer_widgets":"","ocean_shortcode_after_footer_widgets":"","ocean_shortcode_before_footer_bottom":"","ocean_shortcode_after_footer_bottom":"","ocean_display_top_bar":"default","ocean_display_header":"default","ocean_header_style":"","ocean_center_header_left_menu":"","ocean_custom_header_template":"","ocean_custom_logo":0,"ocean_custom_retina_logo":0,"ocean_custom_logo_max_width":0,"ocean_custom_logo_tablet_max_width":0,"ocean_custom_logo_mobile_max_width":0,"ocean_custom_logo_max_height":0,"ocean_custom_logo_tablet_max_height":0,"ocean_custom_logo_mobile_max_height":0,"ocean_header_custom_menu":"","ocean_menu_typo_font_family":"","ocean_menu_typo_font_subset":"","ocean_menu_typo_font_size":0,"ocean_menu_typo_font_size_tablet":0,"ocean_menu_typo_font_size_mobile":0,"ocean_menu_typo_font_size_unit":"px","ocean_menu_typo_font_weight":"","ocean_menu_typo_font_weight_tablet":"","ocean_menu_typo_font_weight_mobile":"","ocean_menu_typo_transform":"","ocean_menu_typo_transform_tablet":"","ocean_menu_typo_transform_mobile":"","ocean_menu_typo_line_height":0,"ocean_menu_typo_line_height_tablet":0,"ocean_menu_typo_line_height_mobile":0,"ocean_menu_typo_line_height_unit":"","ocean_menu_typo_spacing":0,"ocean_menu_typo_spacing_tablet":0,"ocean_menu_typo_spacing_mobile":0,"ocean_menu_typo_spacing_unit":"","ocean_menu_link_color":"","ocean_menu_link_color_hover":"","ocean_menu_link_color_active":"","ocean_menu_link_background":"","ocean_menu_link_hover_background":"","ocean_menu_link_active_background":"","ocean_menu_social_links_bg":"","ocean_menu_social_hover_links_bg":"","ocean_menu_social_links_color":"","ocean_menu_social_hover_links_color":"","ocean_disable_title":"on","ocean_disable_heading":"default","ocean_post_title":"","ocean_post_subheading":"","ocean_post_title_style":"","ocean_post_title_background_color":"","ocean_post_title_background":0,"ocean_post_title_bg_image_position":"","ocean_post_title_bg_image_attachment":"","ocean_post_title_bg_image_repeat":"","ocean_post_title_bg_image_size":"","ocean_post_title_height":0,"ocean_post_title_bg_overlay":0.5,"ocean_post_title_bg_overlay_color":"","ocean_disable_breadcrumbs":"default","ocean_breadcrumbs_color":"","ocean_breadcrumbs_separator_color":"","ocean_breadcrumbs_links_color":"","ocean_breadcrumbs_links_hover_color":"","ocean_display_footer_widgets":"default","ocean_display_footer_bottom":"default","ocean_custom_footer_template":"","footnotes":""},"class_list":["post-1068","page","type-page","status-publish","hentry","entry"],"_links":{"self":[{"href":"https:\/\/ancladospsicologia.com\/index.php?rest_route=\/wp\/v2\/pages\/1068","targetHints":{"allow":["GET"]}}],"collection":[{"href":"https:\/\/ancladospsicologia.com\/index.php?rest_route=\/wp\/v2\/pages"}],"about":[{"href":"https:\/\/ancladospsicologia.com\/index.php?rest_route=\/wp\/v2\/types\/page"}],"author":[{"embeddable":true,"href":"https:\/\/ancladospsicologia.com\/index.php?rest_route=\/wp\/v2\/users\/1"}],"replies":[{"embeddable":true,"href":"https:\/\/ancladospsicologia.com\/index.php?rest_route=%2Fwp%2Fv2%2Fcomments&post=1068"}],"version-history":[{"count":120,"href":"https:\/\/ancladospsicologia.com\/index.php?rest_route=\/wp\/v2\/pages\/1068\/revisions"}],"predecessor-version":[{"id":2226,"href":"https:\/\/ancladospsicologia.com\/index.php?rest_route=\/wp\/v2\/pages\/1068\/revisions\/2226"}],"wp:attachment":[{"href":"https:\/\/ancladospsicologia.com\/index.php?rest_route=%2Fwp%2Fv2%2Fmedia&parent=1068"}],"curies":[{"name":"wp","href":"https:\/\/api.w.org\/{rel}","templated":true}]}}